r of 1887000961?
False
Is 6 a factor of 28847328?
True
Is 8 a factor of 685369728?
True
Does 49 divide 253607977?
True
Does 16 divide 859316432?
True
Does 424 divide 98769104?
True
Is 2673235474 a multiple of 3941?
True
Does 185 divide 74289403?
False
Does 372 divide 62134354?
False
Is 4 a factor of 90265316?
True
Does 5 divide 341551777?
False
Is 1376844 a multiple of 74?
True
Is 7 a factor of 277242826?
True
Is 12568700 a multiple of 21?
False
Is 39 a factor of 47833149?
True
Is 696709005 a multiple of 139?
True
Is 42903036 a multiple of 748?
True
Is 563543365 a multiple of 2345?
True
Is 10392280 a multiple of 827?
False
Does 50 divide 87638185?
False
Does 10 divide 613515338?
False
Does 23 divide 2682633236?
False
Does 2595 divide 20034802?
False
Is 46 a factor of 6640744?
True
Is 5526 a factor of 402768597?
False
Is 9258840 a multiple of 18?
True
Does 36 divide 3750652542?
False
Does 7 divide 497205602?
False
Does 206 divide 88636238?
True
Does 31 divide 1391750890?
True
Is 15 a factor of 142590428?
False
Is 34 a factor of 277027138?
True
Is 1115851473 a multiple of 33?
True
Does 10 divide 301844749?
False
Is 458 a factor of 65257672?
True
Is 97917976 a multiple of 104?
True
Does 3 divide 4704072?
True
Is 21 a factor of 202366494?
False
Does 42 divide 151322052?
True
Is 532387528 a multiple of 62?
False
Is 25 a factor of 319840066?
False
Is 6 a factor of 16037300?
False
Is 303 a factor of 16779358?
False
Is 4106419405 a multiple of 851?
False
Does 74 divide 313147280?
True
Is 59852497 a multiple of 904?
False
Does 663 divide 21551478?
True
Is 53951142 a multiple of 3374?
False
Is 288222789 a multiple of 1036?
False
Does 196 divide 204439650?
False
Does 5 divide 380290085?
True
Is 583 a factor of 1143160975?
True
Is 53298373 a multiple of 129?
False
Is 14 a factor of 24437098?
True
Is 125 a factor of 3134872755?
False
Is 46 a factor of 196362474?
False
Is 47 a factor of 9884147?
True
Is 3 a factor of 8577540?
True
Is 95 a factor of 758262735?
True
Is 1511 a factor of 62136853?
True
Is 203776934 a multiple of 11?
False
Is 10252604 a multiple of 41?
False
Does 14 divide 4471889464?
True
Does 18 divide 244040040?
True
Is 259267984 a multiple of 172?
True
Is 31124098 a multiple of 453?
False
Does 3121 divide 1097546465?
True
Does 11 divide 28382120?
False
Is 74253720 a multiple of 856?
True
Is 129213433 a multiple of 13?
False
Does 181 divide 610965500?
True
Is 14 a factor of 129044622?
True
Is 430504494 a multiple of 233?
False
Does 5 divide 3054212?
False
Does 3576 divide 1401705419?
False
Is 332 a factor of 740063031?
False
Does 734 divide 413384810?
False
Does 89 divide 114259131?
False
Does 574 divide 36938336?
False
Is 5127030 a multiple of 153?
True
Does 16 divide 3287309408?
True
Is 85 a factor of 1323068076?
False
Is 363 a factor of 65884500?
True
Is 68 a factor of 36474384?
True
Does 243 divide 18523890?
True
Is 1123 a factor of 690790801?
False
Does 18 divide 61775876?
False
Is 323159 a multiple of 117?
False
Is 2248 a factor of 52917920?
True
Is 8895142 a multiple of 241?
False
Does 22 divide 267706643?
False
Does 722 divide 141068976?
False
Is 129119951 a multiple of 595?
False
Is 72 a factor of 736954120?
False
Does 95 divide 1650828965?
True
Is 3375379332 a multiple of 18?
True
Is 1414797140 a multiple of 49?
False
Is 19 a factor of 2262786?
True
Is 55 a factor of 30517355?
True
Is 73 a factor of 2484880?
False
Does 15 divide 5339786?
False
Does 5996 divide 1279277967?
False
Does 6933 divide 1391009388?
True
Is 444325058 a multiple of 6184?
False
Is 20 a factor of 1551615790?
False
Is 1386318976 a multiple of 49?
True
Does 10 divide 143256000?
True
Is 53 a factor of 24224157?
False
Is 213764492 a multiple of 457?
True
Is 624 a factor of 925792789?
False
Does 15 divide 30381150?
True
Is 16 a factor of 15830203?
False
Is 4351 a factor of 10150883?
True
Is 31 a factor of 12803?
True
Is 101227400 a multiple of 1160?
True
Is 1328836545 a multiple of 45?
True
Is 5513936298 a multiple of 158?
True
Is 132837478 a multiple of 859?
True
Does 13 divide 35576320?
True
Is 60786404 a multiple of 4?
True
Does 388 divide 598273562?
False
Is 366 a factor of 290090502?
True
Does 1190 divide 1633017851?
False
Is 36 a factor of 191796747?
False
Is 41 a factor of 5209501?
True
Is 57855791 a multiple of 9?
False
Is 3875 a factor of 133446572?
False
Is 2934009 a multiple of 79?
False
Is 251 a factor of 8888161?
True
Is 12306173 a multiple of 171?
False
Is 1494 a factor of 155371518?
True
Is 26 a factor of 35438?
True
Is 5907888 a multiple of 16?
True
Does 27 divide 92644535?
False
Does 1342 divide 191906?
True
Does 761 divide 24310145?
True
Is 4 a factor of 166180344?
True
Does 11 divide 151600218?
True
Is 48371708 a multiple of 77?
True
Does 2 divide 18655090?
True
Does 14 divide 300632552?
False
Is 18 a factor of 838262813?
False
Does 19 divide 124782869?
False
Is 10 a factor of 29471400?
True
Is 21832494 a multiple of 184?
False
Does 2142 divide 19704258?
True
Is 1271131316 a multiple of 13?
True
Is 555 a factor of 394895904?
False
Is 1036710219 a multiple of 6060?
False
Does 637 divide 16412942?
True
Does 26 divide 338304411?
False
Is 53 a factor of 792697131?
False
Is 639 a factor of 14508088?
False
Is 95797468 a multiple of 26?
True
Is 47 a factor of 4376446?
False
Is 524 a factor of 18770315?
False
Is 277175934 a multiple of 14?
True
Does 75 divide 457058300?
False
Is 576675974 a multiple of 365?
False
Does 47 divide 139357726?
True
Is 43150687 a multiple of 16?
False
Is 41 a factor of 19704928?
True
Is 24758600 a multiple of 151?
False
Is 24 a factor of 654976033?
False
Does 19 divide 19871435?
True
Is 214 a factor of 214956580?
True
Does 1330 divide 62503486?
False
Does 143 divide 4155151?
True
Is 116412338 a multiple of 60?
False
Does 23 divide 43860783?
False
Does 2087 divide 1450521349?
True
Is 29 a factor of 1063988685?
True
Does 251 divide 93565521?
True
Is 700428453 a multiple of 172?
False
Is 111427757 a multiple of 5?
False
Is 1105654132 a multiple of 2978?
False
Is 117 a factor of 1469908288?
False
Is 232860670 a multiple of 81?
False
Is 2527 a factor of 65948040?
False
Is 4703375 a multiple of 985?
True
Is 23 a factor of 226244426?
False
Is 2728 a factor of 631423139?
False
Is 284888245 a multiple of 111?
False
Is 3908702 a multiple of 1246?
True
Does 100 divide 769800?
True
Is 10 a factor of 20133202?
False
Is 337110150 a multiple of 26?
True
Does 517 divide 275252868?
True
Is 53 a factor of 19280341?
False
Is 100611600 a multiple of 16?
True
Is 64129440 a multiple of 170?
True
Is 23 a factor of 44994581?
False
Is 11588016 a multiple of 185?
False
Is 120452219 a multiple of 943?
True
Is 100 a factor of 1874119100?
True
Does 180 divide 16791081?
False
Does 16 divide 3375264371?
False
Is 445 a factor of 39947205?
True
Is 9628 a factor of 1030196?
True
Is 1647318520 a multiple of 452?
True
Does 3657 divide 976513856?
False
Is 53 a factor of 126908765?
True
Is 70 a factor of 36911796?
False
Does 408 divide 25763148?
False
Does 172 divide 34854596?
True
Is 3337 a factor of 79442219?
False
Is 534740177 a multiple of 4?
False
Is 5377038 a multiple of 10?
False
Is 17 a factor of 6636511?
True
Is 3060 a factor of 81601020?
True
Does 39 divide 3291395299?
False
Is 193750250 a multiple of 1189?
False
Is 150 a factor of 17795560?
False
Is 577133578 a multiple of 14?
True
Is 184581540 a multiple of 1420?
True
Is 426 a factor of 23057250?
True
Is 1188015239 a multiple of 35?
False
Does 3 divide 27645291?
True
Is 224 a factor of 15410316?
False
Is 2396 a factor of 85043624?
True
Does 18 divide 454931712?
True
Is 549 a factor of 33621138?
False
Is 1256341350 a multiple of 5570?
True
Does 7 divide 99586820?
False
Is 368 a factor of 2519444623?
False
Is 11 a factor of 5293343?
True
Does 4 divide 6324422?
False
Does 240 divide 37616045?
False
Is 407484825 a multiple of 275?
True
Is 17757648 a multiple of 2032?
True
Does 19 divide 147042653?
True
Is 171749533 a multiple of 135?
False
Is 488187457 a multiple of 21?
False
Does 160 divide 15550880?
True
Is 48494230 a multiple of 62?
True
Is 98 a factor of 98056644?
True
Is 6595608 a multiple of 486?
False
Is 95204655 a multiple of 195?
True
Is 20740279 a multiple of 38?
False
Is 958939675 a multiple 